c be (-2273)/(-10)*19 - -2 - 1968/(-6560). Calculate the highest common factor of 447 and c.
149
Let n = -2982 - -3087. What is the greatest common factor of 21 and n?
21
Let h(r) = 3*r + 23. Let p(y) = -y - 12. Let t(d) = -3*h(d) - 5*p(d). Let b be t(-3). Let o = -48 + 57. What is the highest common divisor of b and o?
3
Let u(j) = -j**2 + 27*j + 4805. Let c be u(84). What is the greatest common factor of c and 10421?
17
Let w = 21001 - 20803. Calculate the highest common divisor of 6246 and w.
18
Let p(o) = -o**2 - 12*o + 27. Let b be p(-10). What is the highest common factor of 1927 and b?
47
Suppose x + 2 = 2*h - 3, 4 = 4*h - 4*x. Let b be h*1878/120 - 4/(-10). What is the greatest common factor of 28 and b?
7
Suppose -4*w = -3*n - 1180, -4*n - 87 = 4*w + 1449. Let v = 487 + n. What is the greatest common divisor of v and 9?
9
Let r(x) = -86*x - 10. Let n be r(-58). Calculate the greatest common divisor of 38 and n.
38
Let x be 4/6 + (-2635)/15. Let b = -269 - x. Let k = -52 - b. What is the greatest common factor of k and 63?
21
Let r = -334 + 346. Let k = 58 - 52. What is the highest common factor of k and r?
6
Let x be (((-558)/60)/((-12)/(-10)))/((-371)/8904). Calculate the greatest common divisor of 7874 and x.
62
Suppose -11 = 21*b - 22*b. Let v = 298 + -155. Calculate the greatest common factor of b and v.
11
Let t = -442 + 442. Suppose 2*s - 240 + 9 = -3*h, t = h + 3*s - 77. Calculate the highest common divisor of h and 21.
7
Let p = 10 - 55. Let a = p + 47. Suppose -130 = -a*u + 10. What is the greatest common factor of u and 10?
10
Suppose 0 = 2*c - c - 3. Suppose 5*v - 4*v - 10 = c*n, 4*n + 40 = 4*v. Let a be (-36)/(v/(-38)*2/5). Calculate the highest common factor of 38 and a.
38
Suppose -23490 = -163*j + 30*j + 75*j. Let q = 274 + -74. Suppose 4*u + q = 4*h, 5*h + 5*u - 65 = 3*h. Calculate the greatest common divisor of j and h.
45
Suppose -27 = -4*j + 9. Suppose 8*m + 633 = 745. Let s be (m/21*2)/((-4)/(-9)). What is the highest common factor of j and s?
3
Suppose -1760*r + 52269 = -1367*r. Calculate the greatest common factor of r and 43624.
133
Suppose 17*q = 6*q + 110. Let y(o) = -2*o - 3. Let m be y(-6). Suppose m*h = -q*h + 1330. Calculate the highest common divisor of 14 and h.
14
Suppose -3*x + 25 = 5*t, -4*x = 2*t - 218 + 152. Calculate the greatest common divisor of 1075 and x.
5
Let t(b) = -16*b - 15. Let o be t(-3). Suppose -28*f = -31*f + o. Calculate the greatest common divisor of 22 and f.
11
Let p(h) = -5*h**3 - 72*h**2 - 349*h - 7. Let c be p(-6). Calculate the highest common factor of 175 and c.
25
Let t = 73687 + -73408. Let x = 52 - 34. What is the greatest common divisor of t and x?
9
Suppose 2*c - q - 6 = 0, 5*q - 7 = -3*c + 2. Suppose -2*s + c = -7, -s = 5*d - 485. Suppose 8*o - 109 = -13. What is the highest common factor of o and d?
12
Let f be 1/(-18)*-4 - 788/(-18). Let d = 50 - f. Suppose -r + 560 = d*r. Calculate the greatest common divisor of r and 20.
20
Suppose -3*u = -121 + 25. Let i be 372*(-16)/(-36)*(-6)/(-4). Let b = -244 + i. Calculate the greatest common factor of u and b.
4
Let f be (-25 - 261/18)*-122*1. Calculate the highest common divisor of f and 79.
79
Let o(d) = 2*d**2 + 3*d + 26. Let u be o(0). Suppose u*r = 1218 + 758. What is the highest common factor of r and 38?
38
Let x = 284 - 281. Suppose -y + x*h = -30, 3*h - 4*h = 2. Calculate the greatest common factor of y and 18.
6
Let b = 7975 - 7814. What is the highest common divisor of 567 and b?
7
Suppose 5*o - a = -113 + 20, 0 = -2*o + 3*a - 45. Let p be (o/(-10))/(9/150). Let h be (75/2)/((-11)/(-22)). Calculate the greatest common factor of p and h.
15
Suppose -5*n = d - 147, 3*n - d = -27 + 112. Calculate the highest common factor of 4785 and n.
29
Let g(f) = 2*f**3 + 5*f**2 + f - 6. Let h = -15 - -13. Let l be g(h). Let z be (29*l)/(-2) - -4. What is the highest common divisor of z and 186?
62
Suppose n = 11*n - 80. Suppose -b + n - 2 = 0. Suppose 5*c - b*c = -18. What is the greatest common divisor of c and 144?
18
Let g(m) = -3*m**3 - 2*m**2 + 13*m + 6. Suppose 0 = 10*f + 24 + 26. Let c be g(f). Calculate the highest common factor of c and 57.
19
Suppose 1723*m - 1748*m = -2250. Calculate the highest common divisor of 160 and m.
10
Let z be 3 - ((-24)/56 + 30/21). Suppose -150 = -z*y - 2*d + d, -324 = -4*y + 4*d. Calculate the highest common factor of 187 and y.
11
Let b be 299/2 + (-22)/(-4) + -5. Suppose 2*k - b = -5*r, 3 = 15*r - 14*r - 5*k. Calculate the greatest common factor of r and 266.
14
Let g = -18 + 23. Let m = 8 - g. Suppose 0 = 4*s - m*o + 1 - 14, -4*s - o + 17 = 0. What is the greatest common divisor of s and 1?
1
Let a be (2/7 - 4642/(-14)) + 53/371. Calculate the greatest common factor of 2573 and a.
83
Let q be (1 - -4) + (-60)/12. Let p be 7/(2 + 5) + q + 458. What is the highest common divisor of 51 and p?
51
Let t = 121 + -119. Suppose 19 = 3*y + 3*l - 23, y - 23 = t*l. Let q(i) = 15*i - 9. Let z be q(4). What is the highest common factor of z and y?
17
Let s = 43882 + -42190. Calculate the highest common divisor of 792 and s.
36
Let o be (5 + -2 - 4)/(3 - 695/230). What is the greatest common factor of 6394 and o?
46
Suppose -r = 3*z - 4, 3*z - z + 1 = 3*r. Let k be (-3)/(3/z) + 114. Let o = -80 + k. Calculate the greatest common factor of o and 132.
33
Suppose 0 = 17*a - 3763 - 878. Let h = -43 - -199. What is the greatest common factor of h and a?
39
Let r(h) = -h**3 - 9*h**2 - 11*h - 16. Let g be r(-8). Let c be (-4)/g - 34/(-4). What is the highest common factor of c and 6?
2
Let j = 3832 + -3824. What is the greatest common factor of j and 27?
1
Let v(k) = 64*k + 3227. Let p be v(-48). What is the greatest common factor of 230 and p?
5
Suppose 0 = 4*u + 4*l - 60, -2*u + 5*l = 3*l - 42. Let a be (24/36)/((-4)/u). Let p be (188 - 4)*a/(-6). What is the greatest common factor of 23 and p?
23
Suppose 2*i + 10 = 12*i. Let h be 4/(8/(-35))*(-24)/30. Suppose h - 11 = r. Calculate the greatest common divisor of i and r.
1
Let v = -84 + -133. Let h = v - -247. What is the highest common divisor of 12 and h?
6
Let p = 419 - 413. What is the greatest common divisor of 294 and p?
6
Suppose -4*m = -2*o - 16, 0*m + 5*o = -m - 18. Let i = m + 11. Suppose -540 = -i*t + 9*t. What is the greatest common divisor of 27 and t?
27
Suppose 0 = 13*c - 2136 - 516. Suppose 0 = -10*i + 27*i - c. Calculate the highest common factor of i and 24.
12
Let k be (-234)/(-24) + (-3)/4 + 0. Let u be 5 + -1*(-8)/4. Suppose -u*p + 10*p - 135 = 0. What is the greatest common divisor of k and p?
9
Suppose -2*m = -5*v - 7, -1662*m + 1658*m - 2*v = -26. What is the greatest common divisor of 2874 and m?
6
Let k be (-5 - 19)*(-1)/3. Suppose 6*g + 8 = -m + g, -4*g - k = 0. Suppose 0 = m*f, 4*f + 130 = 6*o - o. Calculate the greatest common factor of o and 52.
26
Suppose -1108 = -15*o + 3272. Calculate the highest common factor of 12 and o.
4
Suppose 0*o = 6*o - 1908. Let j = o - 310. Calculate the highest common factor of 56 and j.
8
Let z be (20 + 50)*(17 + -1). Calculate the highest common factor of z and 1540.
140
Let p = -2468 + 2604. Suppose 9*s + 3 = 309. Calculate the highest common factor of s and p.
34
Let p be 36/(-9) + 48*1. Let q = -24 + p. What is the highest common factor of q and 50?
10
Let i = -285 - -290. Let p be 36/(-10) + 4/(-10). Let d be (i + p - 2)*-17. What is the greatest common divisor of d and 34?
17
Suppose -4*z = 3*i + 1 - 9, -z + 2 = -i. Suppose 16*k - z = 15*k. Suppose 34 - 166 = -k*x. Calculate the greatest common divisor of x and 6.
6
Let s = -1436 - -1726. Let p(g) = -g**3 - 7*g**2 + 5*g - 1. Let v be p(-9). Calculate the highest common factor of s and v.
58
Suppose 2*y + 8*z - 48 = 3*z, 3*z + 2 = y. Let m be 3922/8 - (-5)/(-20). Suppose 0 = 41*a - 36*a - m. What is the highest common factor of a and y?
14
Suppose -124 = -3*z - 4*g, 116 = 4*z + g - 71. Calculate the highest common factor of 2148 and z.
12
Let u be (-2)/13 - 10/((-1170)/1071). Let x be 30*u/(-15)*(-5)/1. Let t = 10 - -5. Calculate the highest common divisor of x and t.
15
Let u(h) = 171*h + 3637. Let s be u(-21). What is the highest common factor of 4646 and s?
46
Let s be (6/(-5))/(-1)*40/(-6). Let r be s/28 - (-2 + 472/14). Let c = 38